is divided by m.
27
Let t = -124 - -127. Suppose y = -4*m - 16, 0*y + t*y - 22 = 2*m. Calculate the remainder when 11 is divided by y.
3
Let f = -35 - -87. Let n(r) = -3*r - 1. Calculate the remainder when f is divided by n(-5).
10
Suppose 2*l - 13 = 7. Let b(g) = -36*g**3 + 3*g**2 + 3*g + 2. Calculate the remainder when b(-1) is divided by l.
8
Let o = 391 - 232. What is the remainder when o is divided by 32?
31
Suppose -18 = -2*c - 4*c. Calculate the remainder when 34 is divided by (2 - -17) + (-4)/1 + c.
16
Suppose 5*j - 4*n - 50 = -3*n, -j = -5*n + 14. Calculate the remainder when (1 - (-58)/3) + 4/6 is divided by j.
10
Let m be (-2)/(-4)*(0 + 48). Suppose -3*q - m = -q. Calculate the remainder when (-75)/q - (-9)/12 is divided by 3.
1
Calculate the remainder when (-8)/(-24)*-21 - -8 is divided by (-2)/(-1) - (0 + 1).
0
Suppose -2*b + 193 = 5*s, -6*s + b = -9*s + 116. What is the remainder when 268 is divided by s?
34
Suppose -3*i - 524 = 2*v - 9821, -v - 12396 = -4*i. What is the remainder when i is divided by 66?
63
What is the remainder when ((-238)/21 - -12)/(2/2097) is divided by 39?
36
Let a be -24*(9/(-4))/(-3). Suppose -5*g = -3*q + 153, 0 = 2*g + 2*q - 7 + 65. Let l = a - g. What is the remainder when 34 is divided by l?
10
What is the remainder when 16 is divided by (-5)/3*(-4)/((-4)/(-3))?
1
Let k(w) = 14 - 62*w - 61*w + 122*w. Calculate the remainder when 41 is divided by k(-8).
19
Suppose 229 + 1051 = 20*u. Calculate the remainder when 959 is divided by u.
63
Let n(u) = u**3 + 5*u**2 - 4*u. Let m = 324 - 287. What is the remainder when m is divided by n(-5)?
17
Let t = -831 + 930. What is the remainder when t is divided by 11?
0
Suppose -5*o + 667 = 3*a + 17, 3*o - 2*a - 390 = 0. Calculate the remainder when 3378 is divided by o.
128
Let g be (-84)/(-10) - 2/5. Suppose -5*y + g*y = 0. Let s(b) = b + 7. Calculate the remainder when s(y) is divided by 5.
2
Suppose 120*c + 1771 = 127*c. What is the remainder when c is divided by 16?
13
Suppose 12*w = 649 + 1067. What is the remainder when w is divided by 24?
23
Let h(d) = d**3 + 14*d**2 + 40*d + 11. What is the remainder when 164 is divided by h(-4)?
10
Suppose w + 4*i + 6 = 0, 5*i + 15 = w - 3*w. Let h = 5 - w. What is the remainder when 27 is divided by h?
12
Let x = 15 - 18. What is the remainder when 80 + -2 + 2 - (x - -2) is divided by 17?
13
Let k = -18 + 11. Let r = 47 + k. Calculate the remainder when r is divided by -2 + -3 + 6 - -13.
12
Suppose 0 = 19*b - 416 - 363. What is the remainder when b is divided by 11 - (0/(-1) + 0)?
8
Suppose 0 = -3*h + 7*h - 92. Suppose -h = -k - 3. Calculate the remainder when 1/2 - (-3519)/46 is divided by k.
17
What is the remainder when 800 is divided by -73*4/(-3 + -1)?
70
Suppose 2*k - 164 = -2*r + 52, -3*k = -r + 92. What is the remainder when r is divided by 27?
23
Suppose -11*j + 8*j - 555 = 0. Calculate the remainder when (3/(15/j))/(-1) is divided by 24.
13
Let a(n) = -n**2 - 15*n - 26. Let q(r) = 2*r**2 + 17*r + 9. Let b be q(-7). What is the remainder when 59 is divided by a(b)?
9
Let v be -1*9/3 - -7. Suppose -v*n + 178 = 38. Let t = -15 + n. What is the remainder when 97 is divided by t?
17
Let m = -7 - -5. Let b = 471 - 444. What is the remainder when ((-321)/6)/(1/m) is divided by b?
26
Let l(c) = -c**3 + c**2 + 9*c - 13. Let r(h) = h**3 + 3*h**2 - 4*h - 6. Let o be r(-4). What is the remainder when l(o) is divided by 31?
30
Let a be (-30)/4*(-4)/(-3). Let p(w) = w + 13. Let z be p(a). Suppose z = -3*s + 24. Calculate the remainder when s is divided by 4.
3
Suppose -5*m + 21 = -4. Suppose 3*o - 5*k - 63 - 42 = 0, -5*k + 175 = m*o. What is the remainder when 207 is divided by o?
32
Let j = -45 - -90. Calculate the remainder when 132 is divided by j.
42
Suppose t - 9 = -0*t. Let h = t - 9. Suppose h = 6*q - 5*q - 7. Calculate the remainder when 11 is divided by q.
4
Suppose 0 = -5533*h + 5535*h - 306. Calculate the remainder when h is divided by 32.
25
Suppose -u = -3*u + 4. Suppose -3 = -u*x - 31. Let h = -4 - x. Calculate the remainder when 29 is divided by h.
9
Suppose 0 = 38*m - 551 - 2527. What is the remainder when m is divided by 50?
31
Suppose 103 = 2*c + 31. Suppose 6*a - c = -0. Suppose 5*m + a*k = 5*k + 79, -4*k - 4 = 0. Calculate the remainder when 79 is divided by m.
15
Suppose d - 31 = -u + 10, u - 149 = -4*d. What is the remainder when d is divided by 20?
16
Suppose -583*r + 582*r + 61 = 0. What is the remainder when r is divided by 15?
1
Let u(h) = -40*h**3 + 2*h**2 + 4*h + 3. Suppose 2*k = 10, -3*k = -3*a - 8*k + 22. Calculate the remainder when 120 is divided by u(a).
38
Let s(q) be the second derivative of q**3/2 + 7*q**2 + 6*q. Let z be s(7). Let n = z + -22. Calculate the remainder when 37 is divided by n.
11
Suppose 0 = 32*t - 115*t + 14857. Calculate the remainder when t is divided by 53.
20
Let h be ((-14)/315*-9)/((-1)/(-30)). Suppose 2*n - h = -3*p - 0, -n - 15 = -2*p. What is the remainder when p is divided by 2?
0
Suppose 0 = -4*p + 18 + 118. Let l = -27 + p. Calculate the remainder when 12 is divided by l.
5
What is the remainder when 247 is divided by 3/5 + (-2470)/(-50)?
47
Suppose n - 2 = 5*b, -5*b - 43 = -3*n + 3. Let d = 30 - n. What is the remainder when d is divided by 4?
0
Let p(i) = 10*i**2 - 122*i - 26. What is the remainder when 222 is divided by p(13)?
66
Let i(r) = r. Let p be i(2). Suppose y + p*q - 12 = 0, 5*y + 2*q = 2*y + 24. Let b = -203 + 225. What is the remainder when b is divided by y?
4
Let k = 53 - 44. Suppose 5*w - 318 = 6*p - k*p, -2*w = 2*p - 212. Calculate the remainder when p is divided by 22.
18
Suppose -13 = -d - 0*d. Let h(x) = x**2 - 12*x + 9. Calculate the remainder when 129 is divided by h(d).
19
Let i(l) = 2*l**2 - 4*l + 8. Let o be i(4). Suppose 0 = w - j - 30, -2*w - o = -4*j - 82. Let d = w - 22. Calculate the remainder when 25 is divided by d.
7
What is the remainder when 269 is divided by ((-12)/9)/(1131/162 + -7)?
53
Let z = -31 + 58. Let n(a) = -21*a - 25. Calculate the remainder when n(-5) is divided by z.
26
Let j = 9 + -3. Suppose 231*n = 223*n + 280. Calculate the remainder when n is divided by j.
5
Suppose -5*y + 2*y = 0. Let g(f) = -f**2 - f + 40. Let r = 43 - 22. Calculate the remainder when g(y) is divided by r.
19
Let d = -6 - -8. Suppose 3*a - 24 = -0. Suppose a*h = 3*h + 30. Calculate the remainder when h is divided by d.
0
Suppose -w = -5*h + 199, 3*w + 18 = h - 33. What is the remainder when 113 is divided by h?
35
Let j = -57 + 9. Let v be (-36)/j + (-26)/(-8). Suppose v*c = c + 48. What is the remainder when c is divided by 6?
4
Let h = 1065 + -398. Calculate the remainder when h is divided by 41.
11
Suppose a = -5*o + 145, 4*o - 3*o - 48 = -4*a. Calculate the remainder when o is divided by 23.
5
Suppose -5*d + 14 - 40 = -4*b, 2*d + 44 = 4*b. Calculate the remainder when (-373)/(-7) - 2/7 is divided by b.
11
Suppose 0 = 15*h - 17*h + 48. Suppose 7 = -o + h. What is the remainder when o is divided by 5?
2
Suppose -40 = b + 4*j, b + 128 = -4*b - 2*j. Let p = b + 50. What is the remainder when -14 - -121 - (1 + 3) is divided by p?
25
Let g(r) = -r**3 + 5*r**2 + 1. Suppose 8*l - 5*l = 15. Suppose 2*f = l*f - 12. What is the remainder when g(f) is divided by 9?
8
Calculate the remainder when 3/12 + 4794/24 is divided by 71.
58
Suppose -1724*n - 522 = -1730*n. What is the remainder when 180 is divided by n?
6
Suppose 18*a - 2163 = -3*a. What is the remainder when a is divided by 35?
33
Let a(w) = 3*w + 41. What is the remainder when 220 is divided by a(-8)?
16
Suppose -2*t + 2*p + 2526 = 0, 2*t + 3*p - 2868 = -357. Let d = -31 - -51. Calculate the remainder when t/33 - (-8)/(-44) is divided by d.
18
What is the remainder when ((-159)/2)/(54/12 - 5) is divided by 18?
15
What is the remainder when 63 is divided by ((96/10)/(-3))/(5/(-50))?
31
Suppose -l = -4*l + 24. Suppose -l*b = -10*b + 4. Calculate the remainder when 3 is divided by ((-5)/(-30))/(b/12).
0
Let i be (10 + -15)*-3*3. What is the remainder when 46 is divided by 4/18 - (-530)/i?
10
Let z be (-100)/(-36) + (-2)/(-9). Suppose -z*s - 96 = -0*s. Let d = s + 53. Calculate the remainder when 62 is divided by d.
20
Let a(r) = 10*r**2 + 5. Calculate the remainder when a(-8) is divided by